mon factor of 8164 and 1768?
52
What is the highest common factor of 60691 and 19492?
443
Calculate the greatest common factor of 25 and 23380025.
25
Calculate the highest common factor of 55442 and 38.
38
What is the highest common divisor of 50851 and 3615?
241
Calculate the greatest common divisor of 273 and 2483.
13
What is the greatest common divisor of 2393521 and 26?
13
What is the highest common divisor of 308 and 228844?
308
Calculate the highest common factor of 1422 and 832344.
474
What is the highest common divisor of 66 and 49929?
33
What is the highest common factor of 2475 and 13975?
25
Calculate the highest common divisor of 13237 and 404369.
427
What is the greatest common divisor of 1155024 and 416?
208
Calculate the greatest common factor of 83539 and 1202.
601
Calculate the greatest common factor of 7154 and 15768.
146
Calculate the greatest common divisor of 225 and 593575.
25
What is the greatest common factor of 243 and 501?
3
Calculate the greatest common factor of 174 and 233421.
87
Calculate the highest common divisor of 140 and 485520.
140
What is the highest common divisor of 349417 and 316?
79
Calculate the highest common divisor of 3441 and 280941.
111
Calculate the greatest common factor of 29861 and 221.
13
What is the greatest common factor of 69425 and 25?
25
Calculate the highest common divisor of 30 and 5725.
5
Calculate the greatest common divisor of 832209 and 161.
161
Calculate the greatest common factor of 1065827 and 749.
749
Calculate the highest common divisor of 25 and 188225.
25
What is the highest common divisor of 9012 and 1740?
12
What is the highest common factor of 742400 and 29?
29
What is the highest common divisor of 50138 and 901?
53
What is the highest common factor of 1200 and 2783700?
300
Calculate the highest common factor of 2880 and 11790.
90
What is the greatest common factor of 396592 and 272?
16
Calculate the highest common divisor of 234 and 16341.
39
Calculate the greatest common divisor of 1364 and 28396.
124
Calculate the greatest common divisor of 5947 and 31331.
19
What is the greatest common divisor of 176 and 48136?
88
What is the greatest common factor of 44732 and 34604?
844
Calculate the highest common factor of 3397 and 26144.
43
What is the greatest common divisor of 21050 and 34101?
421
What is the greatest common factor of 3817 and 460469?
347
What is the highest common factor of 796796 and 728?
364
Calculate the greatest common factor of 34580 and 20.
20
Calculate the highest common divisor of 294 and 224126.
98
Calculate the greatest common factor of 972 and 59076.
108
What is the highest common factor of 7 and 79807?
7
What is the greatest common divisor of 7467160 and 4?
4
Calculate the highest common factor of 12631 and 68.
17
What is the highest common divisor of 55 and 33280?
5
What is the highest common divisor of 3228240 and 96?
48
Calculate the greatest common divisor of 56 and 14539.
7
What is the greatest common divisor of 33389 and 1038?
173
Calculate the highest common factor of 31875 and 51.
51
What is the greatest common divisor of 2157 and 7?
1
What is the highest common divisor of 136689 and 21?
21
What is the highest common factor of 195188 and 84?
28
What is the greatest common factor of 498696 and 8?
8
Calculate the highest common factor of 2030 and 29609.
29
Calculate the greatest common divisor of 300058 and 4151.
593
Calculate the greatest common factor of 90 and 654030.
90
What is the greatest common factor of 25404 and 5402?
146
Calculate the greatest common factor of 241481 and 226.
113
What is the greatest common divisor of 284 and 15312428?
284
Calculate the greatest common factor of 54 and 203538.
6
What is the highest common factor of 42 and 278754?
42
Calculate the highest common factor of 6375 and 1207.
17
What is the highest common factor of 17220 and 4380?
60
What is the greatest common divisor of 91 and 198289?
91
Calculate the greatest common factor of 28303 and 651.
31
Calculate the greatest common factor of 214270 and 630.
70
What is the highest common divisor of 1756692 and 18?
18
Calculate the greatest common divisor of 627 and 18577383.
627
Calculate the greatest common factor of 10512 and 55845.
657
Calculate the highest common factor of 1734 and 1156.
578
What is the highest common divisor of 116397 and 972?
243
Calculate the greatest common divisor of 4185 and 4320.
135
Calculate the highest common divisor of 7170 and 49473.
717
What is the greatest common factor of 32865 and 2835?
105
Calculate the highest common factor of 307 and 44822.
307
Calculate the highest common divisor of 8010 and 207.
9
Calculate the greatest common factor of 49220 and 16330.
230
Calculate the highest common factor of 143 and 40183.
143
What is the greatest common factor of 4112703 and 42?
21
What is the greatest common divisor of 216804 and 21?
21
What is the highest common factor of 86211 and 12257?
103
Calculate the greatest common divisor of 10821 and 3.
3
What is the greatest common divisor of 131061 and 1239?
21
What is the greatest common divisor of 1538613 and 45?
9
What is the highest common factor of 545 and 6244283?
109
What is the greatest common factor of 134160 and 228?
12
What is the highest common divisor of 5408 and 8957?
169
What is the greatest common factor of 1079 and 67756?
13
What is the greatest common divisor of 4997552 and 448?
112
What is the highest common factor of 7480 and 816000?
680
Calculate the highest common factor of 2283760 and 30.
10
What is the highest common divisor of 28524 and 44?
4
Calculate the greatest common divisor of 4070 and 152255.
185
Calculate the highest common factor of 192 and 52308.
12
What is the greatest common factor of 21870 and 27810?
270
Calculate the highest common divisor of 230 and 58455.
5
Calculate the highest common divisor of 64 and 147584.
64
Calculate the greatest common factor of 1139 and 26775.
17
Calculate the greatest common divisor of 271484 and 1876.
268
What is the highest common factor of 3664 and 723182?
458
Calculate the highest common factor of 9 and 848466.
9
What is the highest common factor of 506 and 112838?
506
Calculate the highest common factor of 16 and 15942.
2
Calculate the highest common factor of 1998 and 531.
9
Calculate the greatest common divisor of 135 and 565695.
45
What is the greatest common divisor of 17173 and 689?
13
Calculate the greatest common factor of 2734688 and 816.
272
What is the greatest common factor of 25 and 23?
1
Calculate the highest common divisor of 216 and 1352928.
24
What is the greatest common divisor of 101 and 957379?
101
Calculate the highest common divisor of 7410 and 546.
78
What is the highest common factor of 1408 and 1034?
22
What is the greatest common divisor of 2032 and 322072?
1016
Calculate the highest common factor of 833 and 378.
7
What is the highest common divisor of 120 and 74080?
40
What is the greatest common divisor of 14 and 2182516?
14
What is the greatest common divisor of 71817 and 666?
111
What is the greatest common factor of 1046754 and 36?
18
Calculate the greatest common divisor of 792 and 1908.
36
What is the greatest common factor of 261 and 29667?
87
What is the greatest common divisor of 1023 and 3762?
33
What is the highest common divisor of 27 and 215577?
9
Calculate the greatest common divisor of 6962 and 826.
118
What is the greatest common factor of 84 and 4424994?
42
Calculate the highest common divisor of 57 and 33717.
3
What is the highest common factor of 513941 and 53?
53
Calculate the greatest common factor of 16361168 and 16.
16
Calculate the highest common factor of 18 and 4146.
6
What is the highest common factor of 455191 and 11?
11
What is the greatest common divisor of 198371 and 1141?
163
Calculate the greatest common divisor of 116383 and 2896.
181
What is the highest common divisor of 184092 and 696?
348
Calculate the greatest common divisor of 12150 and 17496.
486
What is the greatest common divisor of 6 and 575403?
3
What is the greatest common factor of 75400 and 195?
65
Calculate the highest common factor of 816 and 1376898.
102
Calculate the highest common divisor of 806 and 51181.
403
What is the greatest common divisor of 221410 and 14?
14
Calculate the great